ors of 292605189.
3, 2713, 35951
List the prime factors of 744157709.
23, 32354683
List the prime factors of 2583041793.
3, 861013931
List the prime factors of 1303360542.
2, 3, 11, 73, 90173
List the prime factors of 21793096.
2, 13, 209549
List the prime factors of 1390123781.
37, 97, 387329
List the prime factors of 40006274.
2, 7, 11, 259781
What are the prime factors of 405664969?
15497, 26177
List the prime factors of 1646543341.
853, 1930297
What are the prime factors of 1079786?
2, 29, 18617
What are the prime factors of 1260178377?
3, 149, 313, 9007
List the prime factors of 261986774.
2, 7, 18713341
What are the prime factors of 65205013?
17, 137, 27997
List the prime factors of 19414863.
3, 13, 55313
What are the prime factors of 104411674?
2, 23, 2269819
What are the prime factors of 91493395?
5, 7, 137, 19081
List the prime factors of 75681813.
3, 25227271
List the prime factors of 142629935.
5, 7, 67, 8689
What are the prime factors of 804841?
389, 2069
What are the prime factors of 2134986936?
2, 3, 88957789
List the prime factors of 2609000289.
3, 7, 419, 98837
What are the prime factors of 31358627?
31358627
List the prime factors of 1988010.
2, 3, 5, 37, 199
What are the prime factors of 360494154?
2, 3, 383, 52291
List the prime factors of 34561042.
2, 23, 751327
List the prime factors of 2787799983.
3, 149, 6236689
What are the prime factors of 1241227587?
3, 413742529
List the prime factors of 412474133.
59, 118493
What are the prime factors of 875708905?
5, 175141781
List the prime factors of 310200027.
3, 103400009
What are the prime factors of 93462091?
43, 719, 3023
What are the prime factors of 511900589?
4987, 102647
What are the prime factors of 517584828?
2, 3, 43132069
What are the prime factors of 56393260?
2, 5, 7, 11, 3329
List the prime factors of 28827187.
1471, 19597
List the prime factors of 262794561.
3, 87598187
List the prime factors of 213652469.
3251, 65719
List the prime factors of 123424792.
2, 43, 358793
List the prime factors of 27763466.
2, 43, 449, 719
What are the prime factors of 433416763?
13, 33339751
What are the prime factors of 126260115?
3, 5, 41, 239, 859
What are the prime factors of 28276715?
5, 857, 6599
List the prime factors of 23385074.
2, 1553, 7529
List the prime factors of 82912610.
2, 5, 11, 753751
What are the prime factors of 69282119?
1087, 63737
List the prime factors of 997059627.
3, 110784403
What are the prime factors of 67805653?
67805653
What are the prime factors of 65063635?
5, 7, 13, 151, 947
List the prime factors of 539430213.
3, 7, 17, 149, 10141
List the prime factors of 701429818.
2, 523, 670583
What are the prime factors of 36070490?
2, 5, 29, 4289
List the prime factors of 285841087.
7, 40834441
What are the prime factors of 909457774?
2, 454728887
What are the prime factors of 15287578?
2, 71, 199, 541
What are the prime factors of 4320291620?
2, 5, 216014581
What are the prime factors of 4439862?
2, 3, 7, 167, 211
What are the prime factors of 3148241734?
2, 11, 1277, 112061
What are the prime factors of 53538598?
2, 3191, 8389
What are the prime factors of 1343602248?
2, 3, 29, 31, 62273
List the prime factors of 216610855.
5, 17, 317, 8039
What are the prime factors of 46304753?
11, 17, 193, 1283
List the prime factors of 213502034.
2, 106751017
List the prime factors of 911534305.
5, 11, 17, 163, 5981
List the prime factors of 112332255.
3, 5, 7, 152833
What are the prime factors of 205722378?
2, 3, 61, 187361
List the prime factors of 159939575.
5, 43, 148781
What are the prime factors of 4900465541?
19, 2383, 108233
List the prime factors of 1418660616.
2, 3, 4091, 14449
List the prime factors of 1396567182.
2, 3, 653, 356449
What are the prime factors of 3784025439?
3, 420447271
What are the prime factors of 6196926?
2, 3, 19, 2861
What are the prime factors of 1177735800?
2, 3, 5, 269, 7297
What are the prime factors of 835217821?
97, 769, 11197
What are the prime factors of 730490197?
1523, 479639
List the prime factors of 132097834.
2, 11, 829, 7243
List the prime factors of 19476664.
2, 2434583
What are the prime factors of 311645418?
2, 3, 7, 31, 107, 2237
What are the prime factors of 1479291191?
7, 37, 67, 85247
What are the prime factors of 862512691?
1831, 471061
What are the prime factors of 129949773?
3, 131, 330661
List the prime factors of 101031879.
3, 13, 853, 3037
List the prime factors of 2509417.
2509417
List the prime factors of 30568671.
3, 7, 17971
List the prime factors of 265951662.
2, 3, 47, 943091
What are the prime factors of 3406265549?
3406265549
What are the prime factors of 75310386?
2, 3, 12551731
List the prime factors of 171487935.
3, 5, 423427
What are the prime factors of 108981814?
2, 47, 1159381
What are the prime factors of 76178481?
3, 2341, 10847
What are the prime factors of 460855446?
2, 3, 76809241
List the prime factors of 339240821.
339240821
List the prime factors of 251733009.
3, 11, 2239, 3407
List the prime factors of 3094322678.
2, 29, 53350391
List the prime factors of 28876301.
28876301
What are the prime factors of 53856?
2, 3, 11, 17
What are the prime factors of 386893919?
31, 43, 290243
What are the prime factors of 389552000?
2, 5, 97, 251
What are the prime factors of 50476347?
3, 5608483
What are the prime factors of 1170361009?
1170361009
List the prime factors of 655986613.
655986613
What are the prime factors of 132341324?
2, 33085331
What are the prime factors of 217443643?
89, 193, 12659
List the prime factors of 498139302.
2, 3, 19, 1777, 2459
List the prime factors of 191545313.
191545313
What are the prime factors of 478252275?
3, 5, 307, 20771
List the prime factors of 298267849.
11, 27115259
List the prime factors of 854396006.
2, 941, 453983
What are the prime factors of 2141246989?
7, 305892427
What are the prime factors of 87345194?
2, 71, 615107
List the prime factors of 1480921712.
2, 19, 59, 82567
What are the prime factors of 6277100677?
83, 75627719
What are the prime factors of 52104581?
337, 154613
List the prime factors of 1778572304.
2, 53, 2097373
List the prime factors of 6042721147.
20023, 301789
What are the prime factors of 3322163173?
7, 474594739
List the prime factors of 1198028045.
5, 281, 852689
List the prime factors of 666098018.
2, 333049009
What are the prime factors of 151270487?
47, 587, 5483
What are the prime factors of 164865055?
5, 3079, 10709
What are the prime factors of 575760641?
17, 33868273
What are the prime factors of 3601013?
13, 19, 61, 239
What are the prime factors of 28116889?
2203, 12763
What are the prime factors of 2171004977?
2171004977
List the prime factors of 115921863.
3, 23, 227, 2467
List the prime factors of 109488308.
2, 27372077
List the prime factors of 540186680.
2, 5, 11, 37, 33181
What are the prime factors of 828279957?
3, 276093319
What are the prime factors of 360720598?
2, 7, 25765757
List the prime factors of 920644016.
2, 463, 124277
What are the prime factors of 647776048?
2, 23, 1760261
What are the prime factors of 310524788?
2, 7, 17, 59, 11057
List the prime factors of 2849953371.
3, 761, 1248337
What are the prime factors of 2278753158?
2, 3, 11, 211, 163633
List the prime factors of 976274220.
2, 3, 5, 83, 196039
What are the prime factors of 30509347?
11, 1259, 2203
List the prime factors of 196395463.
11, 139, 11677
What are the prime factors of 192376936?
2, 181, 132857
What are the prime factors of 1001671465?
5, 200334293
What are the prime factors of 44173775?
5, 127, 13913
List the prime factors of 592344988.
2, 19, 37, 313, 673
List the prime factors of 1287654906.
2, 3, 107, 2005693
List the prime factors of 1083669754.
2, 541834877
List the prime factors of 57386761.
839, 68399
List the prime factors of 697917548.
2, 251, 619, 1123
List the prime factors of 112192711.
421, 266491
List the prime factors of 3341574800.
2, 5, 8353937
What are the prime factors of 484976262?
2, 3, 80829377
What are the prime factors of 879421879?
7, 347, 362051
What are the prime factors of 1297537346?
2, 7, 1669, 7933
What are the prime factors of 300421668?
2, 3, 25035139
List the prime factors of 135791359.
11, 17, 726157
List the prime factors of 1554426910.
2, 5, 79, 1229, 1601
List the prime factors of 5506989